/(-7))/(-7). Give s(x).
-1
Let u(w) be the second derivative of w**5/20 + 2*w**4/3 - 3*w**3 + 7*w**2 + 139*w + 3. Determine u(-10).
-6
Let m(f) = -21 + 2525*f - 1275*f - 1259*f. What is m(8)?
-93
Suppose -v + 2*v = -u + 32, 4*u = -3*v + 123. Let r(a) = 28*a + 4*a**2 + a**3 - u*a + 29 - 28. What is r(-3)?
7
Let p(n) = -n**2 + 12*n + 7. Let l(i) = 16*i - 52. Suppose 0 = -2*b - 3*a + 8, -5*b + a + 0*a + 20 = 0. Let s be l(b). Give p(s).
7
Let x(t) = -3*t + 16*t + 59 - 15*t + 16*t + 6. Give x(-5).
-5
Let k = 9116 + -9131. Let o(d) = -36*d - 535. Give o(k).
5
Let y(i) = -i**3 + 5*i**2 + 2*i + 2. Let m = 38 + -14. Let r = m + -17. Let w be (2/(-3))/((42/(-45))/r). What is y(w)?
12
Let m(p) = 1 - 5*p + 0*p + 6. Let k be (-3)/(8 + -11)*1222. Let s = k - 1217. Give m(s).
-18
Let z(n) = -25*n + 620. Let c be z(25). Let f(q) = 3*q + 7. Give f(c).
-8
Let b(w) = -5*w**2 - 2*w. Suppose -6*z - 5*h - 14 = -2*z, h = -z - 3. Let x(a) = -a**2 - a + 0*a + 0*a. Let t(v) = z*b(v) + 4*x(v). Determine t(2).
0
Suppose -q + 5*n - 8 = 0, 3*q - 6*n + 12 = -3*n. Let d(j) = -289*j + 3 + 293*j - 3. Calculate d(q).
-12
Let p(n) = n**2 + 15*n - 11. Let a be ((-6)/(-9))/(28 - (-926)/(-33)). Determine p(a).
-55
Let w(z) = -z - 22. Suppose 6*k - 7*k - 5 = 4*t, -2*k - 2*t + 14 = 0. Determine w(k).
-33
Let j(r) = r**2 + 6*r - 3. Let w(m) = 2*m**2 - 24*m + 11. Let k be w(12). Suppose -111 = -4*q - k. Suppose a = 6*a + q. Calculate j(a).
-8
Suppose -90 = -3*n + 4*b - 43, n - 2*b = 19. Let x(t) be the third derivative of -t**4/8 + t**3/3 - 30*t**2. Calculate x(n).
-25
Let a(q) = -73 + 82*q - 35*q + 69 - 46*q. Calculate a(-6).
-10
Let v(h) = 3*h + 2. Let m(g) = g**3 + g**2 - 4*g - 1. Suppose t - 90 = -0*t - 5*i, -3*i - 245 = -2*t. Let d = t - 117. Let x be m(d). What is v(x)?
11
Let d = -68 - -66. Let j(u) = u. Let y(k) = -2*k. Let s(a) = -6*j(a) - 5*y(a). Give s(d).
-8
Let p(x) = -8*x. Let v = 410 - 408. Suppose 6 = -v*l + 8*l. Determine p(l).
-8
Let y(w) = -2 + 3*w**2 - 4 - 332378*w**3 + 332377*w**3 - 4 + 7*w + 0*w**2. Determine y(5).
-25
Let w(z) = -z**3 - 5*z**2 - 5. Let i(o) = -3. Let d(n) = 4. Let u(m) = 4*d(m) + 5*i(m). Let y(c) = 2*u(c) + w(c). Give y(-5).
-3
Let d(f) = -3*f - 77. Let j be ((-7223)/(-699))/(1/(-3)). Determine d(j).
16
Let m(o) = -4*o**3 + o**2 + 5. Let y(i) = -17*i**3 + 8*i**2 - 5*i + 28. Let q(u) = 4*m(u) - y(u). Calculate q(6).
94
Let y(d) = 26*d + 18*d + 9 + 6 + 24*d - 67*d. What is y(8)?
23
Let a(q) = -q**3 + 12*q**2 + 14*q - 6. Let h be -3*(3068/(-472))/(3/(-2)*-1). Give a(h).
7
Let o(n) = -n**3 + 27*n**2 - 47*n - 52. Let u be -5*(-23 + 1029/42)*10/(-3). Calculate o(u).
23
Suppose 4 = -4*c, 4*q - 8 = -2*c - 42. Let d(t) = 2*t**2 + 11*t + 12. What is d(q)?
52
Let z(y) = -3 + 3*y - 2*y - 4. Let w = 127 - 139. Let b be 2*(-3 - 66/w). Determine z(b).
-2
Let z be (2 - 6)/((-2)/9*(0 - 3)). Let b(v) = -v**3 - 5*v**2 + 8*v + 17. Calculate b(z).
5
Let l be (-40 - -14) + 9 + 8. Let b(d) = -3*d - 47. What is b(l)?
-20
Let l(u) = -7*u**2 - 32*u + 6. Let g(d) = d**2 + 97*d + 1926. Let b be g(-28). Calculate l(b).
-54
Let x = -635 - -637. Let n(b) = -16*b + 55. Let r(m) = 3*m - 11. Let i(a) = x*n(a) + 11*r(a). Give i(-13).
-24
Let a(i) = -i**2 - 31*i + 63. Let b be a(-33). Let g be 16/(-6)*(b + 6). Let k(x) = -x**2 - 8*x - 6. What is k(g)?
-6
Let s(l) = -l - l - 17*l**3 - 1 + 0*l. Let o(c) = -127*c + 1777. Let r be o(14). What is s(r)?
18
Let o(t) = -3*t**2 + t - 5. Let w(f) = -f**2 - 2. Let s(x) = 8*x - 44. Let p be s(6). Let j(v) = p*o(v) - 11*w(v). Calculate j(5).
-3
Let j(y) = 5*y**2 - 2*y - 1. Let a(w) = -w**3 + 1731 - 1732 - 26*w**2 - 36*w + 6*w**2. Let g be a(-18). Give j(g).
6
Let a(j) = -17*j - 32. Let i be a(-2). Suppose 8*c + 18 = i*c. Let z(x) = x**3 + 3*x**2 + 1. What is z(c)?
1
Let c(x) be the third derivative of -x**6/720 - x**5/20 + x**4/12 + 10*x**3/3 + 59*x**2. Let q(g) be the second derivative of c(g). Give q(-6).
0
Suppose -24*c - 2 = -25*c. Let n(v) = -v - 2. Let a(q) = -2*q - 3. Let t(k) = c*a(k) - 3*n(k). Give t(8).
-8
Let b(c) be the second derivative of c**4/12 + 2*c**3/3 + 5*c**2 - 4984*c. Give b(-4).
10
Let b(o) = -o - 13. Let k be ((-8)/2)/((-106)/265). Suppose -4*w = -3*w + 3*s + 6, 0 = 3*w + 5*s + k. What is b(w)?
-13
Let r(o) = 4*o**3 + 15 - 2*o + 10*o**2 + 5*o + 0*o**3 - 3*o**3. Let f be ((-4)/(-8)*-4)/(45/(-25) - -2). What is r(f)?
-15
Suppose -4*m = 4*r - 220, -2*m = -8*r + 3*r + 247. Let h be 170/r*21/2. Suppose -h = 3*z - 56. Let q(d) = d - 3. Calculate q(z).
4
Let l(u) = -u**2 + 13*u + 23. Let y = -17011 - -17022. Give l(y).
45
Let s(a) = -2*a**2 + 4*a - 12. Suppose -74*y = -273*y - 1194. Give s(y).
-108
Suppose -24*n - 6 = -30*n. Let c(a) = -11*a**3 + a**2 + 2*a - 2. Give c(n).
-10
Suppose 3*f + 7 = 2*h, 4*h + 3*f - 7*f = 16. Suppose h*k = -4*z + 28, 3*z = 4*z + 4*k - 18. Let x(c) = 8*c - 2. Calculate x(z).
14
Let v(t) = -3*t**3 + 3*t**2 - 4*t + 4. Suppose -53 = -9*y - 53. Suppose 3*u + 2 - 8 = y. Give v(u).
-16
Let j(i) = -5*i + 3*i - i**2 - 4 + 4. Let s be (12/30)/(5/10 + 153/(-270)). What is j(s)?
-24
Let q(t) = 2*t**2 + 810 - 39*t - 1646 + 816. Let i = 99 + -79. Determine q(i).
0
Let u = -11 + 7. Suppose -5*w - 12 = -n - 15, 3*n + 4*w = 10. Let c(h) = h - 34*h**3 + 1 - 4*h**n + 33*h**3 - 2. What is c(u)?
-5
Let s(t) = t**2 - 12*t + 4. Let z(o) be the second derivative of o**5/20 - o**4/2 - o**3/6 - 15*o**2 - 2*o - 1. Let n be z(7). Calculate s(n).
4
Let p be (7/7)/((-1)/221). Let r = p + 221. Let i(v) be the third derivative of v**4/24 + 3*v**2. What is i(r)?
0
Let i = -399 - -401. Suppose 6 - 16 = i*c. Let l(t) = -t**2 - 7*t + 5. Give l(c).
15
Let v(r) be the second derivative of -r**5/20 - 2*r**4/3 + 10*r**3/3 - 55*r + 4. Give v(-10).
0
Let z(c) = c**3 + 8*c**2 + c - 10. Let p(k) = 3*k**3 + 27*k**2 + 13*k + 8. Let a be p(-10). Let q = a - -414. Determine z(q).
-18
Let l(j) be the first derivative of 3*j**2/2 + 14*j - 81602. Let x be -5 + 0 + (1 - 1). Calculate l(x).
-1
Let d(z) = 7*z + 3. Suppose 5*f - 7 = 2*w, 2*f + 2*f = 5*w + 9. Let m be d(w). Let j(h) = 2*h + 4. Give j(m).
-4
Let t(f) = f + 36. Let b(l) = 96*l + 1216. Let c be b(-13). What is t(c)?
4
Let o(a) = -a**3 + 19*a**2 + 12*a - 6. Let b(i) = i**3 - 19*i**2 - 18*i + 8. Let d(f) = -2*b(f) - 3*o(f). Give d(19).
2
Let f be (3 + 1)*3844/(-15376). Let z(c) = -2 + 8*c + 11*c + 1. What is z(f)?
-20
Let i(p) be the first derivative of -p**3/6 - 18*p + 116. Let u(x) be the first derivative of i(x). Give u(5).
-5
Let w(f) = -2*f - 4. Let z be (2 + 2)*(-4 - -2). Let h be 2 + z + (0 - 4 - -6). Calculate w(h).
4
Let k = 10076 + -10075. Let t(j) = 0*j - j + 8*j**2 + 22*j**2 - 5*j**2. Determine t(k).
24
Let r(c) be the first derivative of -c**4/4 - 2*c**3/3 + 2*c**2 + 3*c + 2884. Suppose 3*q - 10 = 2. Suppose 0*v = q*v + 8. Give r(v).
-5
Let c(p) = 5*p**2 - 2. Let j = -8760 - -8764. Give c(j).
78
Let z(y) be the first derivative of 32 + 4*y**3 - 1/360*y**6 + 0*y + 0*y**2 - 1/15*y**5 + 0*y**4. Let n(t) be the third derivative of z(t). What is n(-8)?
0
Let v(p) = 9*p**2 - 29*p + 33. Let a(x) = -16*x**2 + 56*x - 65. Let h(j) = -4*a(j) - 7*v(j). Determine h(15).
-61
Let f(x) = 5*x - 10. Suppose 11*s = 8*s - w + 15, -2*s + 20 = 4*w. Determine f(s).
10
Let d(v) = 3*v**2 + 4*v - 19. Let k(f) = f**2 + f - 3. Let q(z) = d(z) - 6*k(z). Let y(l) = l**3 - 1. Let h = -5 + 5. Let u be y(h). Determine q(u).
-2
Let y(v) = v - 23 + 31 - 3*v. Let p be y(4). Suppose 2*h + 4*b - 7*b + 7 = p, -2*h = 5*b - 1. Let g(w) = w**2 - 1. Determine g(h).
3
Let a(f) = -3894*f**2 + 6*f - f**3 + 26 - 9*f + 3860*f**2 + 4*f. What is a(-34)?
-8
Let n(m) = -2 + 2321*m**2 - 2326*m**2 - m**3 + 13 + 3*m. Determine n(-5).
-4
Let g(u) = -16*u**3 + u**2 + 2*u - 4. Let t(l) = 97*l**3 - 2*l**2 - 16*l + 26. Let o(v) = 6*g(v) + t(v). Suppose -5*f + 34 = -6. Let y = f - 13. Give o(y).
-3
Suppose -7*k = 29 + 727. Let x = 117 + k. Let z(s) = 2*s - 8. Determine z(x).
10
Let y(o) = -o**3 + 7*o**2 + 8*o - 6. Let p(w) be the second derivative of w**4/12 - 4*w**3 + 26*w**2 + 70*w. Let l be p(22). Calculate y(l).
-6
Let o(w) = -w + 61. Let f(n) = n + 16. Let k(t) = 6*f(t) - 2*o(t). Calculate k(3).
-2
Let d(s) = 15*s + 1. Suppose 0 = -8*n + 182 - 86. Suppose -4*k - f = 3 - 2, -n = -3*k - 5*f. Calculate d(k).
-14
Let q(n) = 1 + 3 + 